
100111001011110 (base 2) to base 6
232514
What is -27204367 (base 8) in base 7?
-102552633
What is 1849853 (base 14) in base 10?
12012129
Convert -1130130133 (base 4) to base 13.
-103474
Convert -1666225 (base 7) to base 8.
-713100
Convert 5025022 (base 6) to base 11.
152044
263662 (base 7) to base 13
19630
-1903293 (base 10) to base 7
-22114650
What is 10102202014 (base 5) in base 2?
100110111000110001011001
-600655 (base 8) to base 12
-96039
What is -2121331033 (base 4) in base 16?
-99f4f
Convert 12221012012212 (base 3) to base 8.
14016273
Convert 3232530 (base 6) to base 4.
213010212
What is -603bd (base 15) in base 9?
-513747
1eb43a (base 16) to base 11
115489a
Convert 9838 (base 14) to base 16.
66ca
What is -21937 (base 15) in base 6?
-2141554
126011 (base 10) to base 6
2411215
Convert 21012121333 (base 4) to base 16.
24667f
Convert 1101100001111110110111 (base 2) to base 5.
1402001223
-3442433 (base 5) to base 6
-1200055
101001011101101010 (base 2) to base 16
2976a
Convert -1d9d8 (base 14) to base 9.
-125271
12120110200 (base 3) to base 15
2277c
Convert -14c76b (base 13) to base 5.
-112410143
What is -22634a7 (base 12) in base 5?
-3142144220
What is 110001111010110010000000 (base 2) in base 5?
11322221244
Convert 23671 (base 16) to base 15.
2ce74
35a30 (base 16) to base 13
78cc9
What is 153747 (base 13) in base 3?
222111221210
Convert -3052382 (base 10) to base 8.
-13511536
What is 458a90 (base 13) in base 6?
55150400
Convert 7288488 (base 9) to base 3.
21022222112222
-19bc5 (base 15) to base 12
-404b8
1043102 (base 5) to base 4
10201133
What is -1981360 (base 11) in base 7?
-40250225
What is 1e9d1 (base 15) in base 11?
69227
Convert 22764 (base 15) to base 10.
109669
342221401 (base 5) to base 9
2771572
Convert -19ba2 (base 13) to base 6.
-1024553
What is 5e4009 (base 15) in base 12?
161b2a6
Convert -2221101202 (base 3) to base 5.
-3323011
11283 (base 15) to base 11
38002
-238c2 (base 14) to base 15
-1aabc
10112121201 (base 3) to base 6
1254414
Convert 30310120 (base 5) to base 9.
412236
What is 49aab (base 12) in base 14?
28679
-1011222211 (base 4) to base 9
-474374
What is 1301620 (base 11) in base 12?
90a021
What is -133500030 (base 6) in base 14?
-5034b0
2101230321 (base 4) to base 13
17b842
1011012120 (base 3) to base 13
a47c
3010043401 (base 5) to base 4
112222103330
4278844 (base 10) to base 7
51240523
Convert -4a2aa (base 11) to base 3.
-10200002102
What is -705435 (base 8) in base 3?
-102210112210
Convert -431c7 (base 13) to base 3.
-20011012200
What is -2444100 (base 6) in base 14?
-357b6
What is -1ca101 (base 13) in base 4?
-2303232211
What is 72356 (base 11) in base 14?
2a68d
What is -bb66 (base 15) in base 16?
-9b10
1726623 (base 8) to base 13
148059
-14312 (base 12) to base 3
-1102112112
Convert -103331113 (base 4) to base 16.
-13f57
-10000132 (base 5) to base 12
-3929b
-243759 (base 10) to base 2
-111011100000101111
Convert -4022454 (base 6) to base 15.
-3b3a1
-101000000110111110 (base 2) to base 4
-220012332
What is -41541a5 (base 11) in base 15?
-99aa40
What is 11581517 (base 10) in base 16?
b0b84d
What is 1010000001001011001000 (base 2) in base 11?
1534159
What is -8123a (base 14) in base 8?
-1136364
10000110010100011 (base 2) to base 10
68771
-76043 (base 9) to base 6
-1025020
What is -321042200 (base 5) in base 2?
-101001000101111110110
Convert -1110100011001011001101 (base 2) to base 3.
-21011202221201
What is -2683 (base 10) in base 6?
-20231
Convert -43b34 (base 14) to base 10.
-164098
What is -2177533 (base 9) in base 5?
-300022041
1b19262 (base 12) to base 10
5759786
b3b43 (base 13) to base 2
1001110110001110100
What is -10100011010100100100101 (base 2) in base 5?
-2332223332
75438 (base 16) to base 4
1311100320
What is 1320300300 (base 4) in base 8?
1706060
Convert -540523 (base 7) to base 14.
-26313
478d6 (base 16) to base 9
486022
Convert -11002001022211 (base 3) to base 9.
-4061284
Convert 222666 (base 10) to base 11.
142324
Convert 1011000011101101110111 (base 2) to base 15.
3c3d8c
-483021 (base 11) to base 5
-143442343
-21777 (base 11) to base 6
-402012
6614212 (base 8) to base 10
1775754
What is -662374 (base 8) in base 9?
-368137
Convert -1141784 (base 9) to base 8.
-2267172
Convert 1201212211212 (base 3) to base 10.
922802
Convert -3103462 (base 8) to base 4.
-3020130302
3a3444 (base 12) to base 4
3222102310
What is 2202332012 (base 4) in base 14?
1353a6
Convert 1002121113 (base 5) to base 15.
29448d
What is 2133336 (base 7) in base 3?
111020100120
Convert 791158 (base 13) to base 6.
141133551
1057621 (base 8) to base 9
476134
Convert 14422104 (base 5) to base 10.
154654
Convert 1133023022 (base 4) to base 9.
653668
11db3 (base 15) to base 3
2220022120
What is -123215442 (base 6) in base 2?
-1001001001010101110010
Convert f7ea0 (base 16) to base 12.
40b794
What is -394399 (base 10) in base 6?
-12241531
-59ab6b (base 12) to base 11
-900228
Convert -563b50 (base 14) to base 11.
-1721454
-10451362 (base 7) to base 5
-212401220
Convert 2003031133 (base 4) to base 2.
10000011001101011111
Convert -2741164 (base 8) to base 5.
-144130201
Convert 1431575 (base 8) to base 13.
112c94
Convert -12132210 (base 4) to base 8.
-63644
Convert 2647667 (base 8) to base 13.
1cc554
Convert 2009a1 (base 13) to base 10.
744238
What is 89b9 (base 13) in base 2?
100101100110001
What is b2b44 (base 16) in base 8?
2625504
What is 40344154 (base 7) in base 16?
333409
Convert -22012 (base 9) to base 16.
-38ff
-24678 (base 9) to base 2
-100000011010011
What is -10100011011111010011 (base 2) in base 14?
-136083
What is -20605342 (base 7) in base 3?
-10021220022011
-11100010111010001100 (base 2) to base 3
-1202012220222
What is -1d44b (base 15) in base 10?
-95471
Convert -34350124 (base 6) to base 3.
-1222122221221
What is -1310707 (base 8) in base 13?
-ca19b
-4b5c81 (base 13) to base 4
-12322133231
-32134032 (base 5) to base 8
-1021446
What is -1465420 (base 10) in base 9?
-2673154
What is 4142323002 (base 5) in base 12?
2a48585
What is 1151134 (base 6) in base 14?
18426
4184367 (base 9) to base 7
25021063
Convert 8675368 (base 9) to base 8.
21605123
Convert a24c27 (base 14) to base 3.
101021211021122
Convert 613012 (base 7) to base 15.
20d71
Convert 3144664 (base 7) to base 4.
1131002032
Convert -110111111011011111 (base 2) to base 8.
-677337
Convert 1c594c (base 14) to base 15.
150848
What is ae9f21 (base 16) in base 2?
101011101001111100100001
What is -15644326 (base 7) in base 6?
-52354301
Convert 296294 (base 15) to base 5.
1002321324
What is -35240233 (base 6) in base 15?
-1691cc
1dc87c (base 15) to base 5
333204132
What is 324550 (base 6) in base 4?
12211302
Convert 10315a9 (base 11) to base 12.
737997
372a50 (base 11) to base 4
2033323333
What is 21949 (base 15) in base 13?
39762
-33642a5 (base 11) to base 13
-12b371a
-165570 (base 11) to base 5
-31144414
-49c37 (base 14) to base 3
-100011221212
What is 37447472 (base 9) in base 4?
1011330302132
What is -10111001000001111001 (base 2) in base 8?
-2710171
What is -168a714 (base 13) in base 8?
-33675761
1542225 (base 7) to base 8
636173
What is 121120100001 (base 3) in base 4?
1033213123
What is -2100001100200 (base 3) in base 11?
-77843a
Convert -33020103002 (base 4) to base 12.
-13b3282
414014022 (base 5) to base 2
110100000000101000110
Convert 15122451 (base 6) to base 15.
a54b1
36e2d (base 16) to base 6
4452445
What is -11012021020 (base 3) in base 15?
-196ec
What is -126463456 (base 7) in base 3?
-120102122012221
Convert 3979008 (base 11) to base 5.
3230103431
What is -1e1b21 (base 16) in base 2?
-111100001101100100001
What is -81338 (base 13) in base 15?
-487ae
What is 314302 (base 8) in base 11?
7168a
What is 101110001110101101 (base 2) in base 15?
3b18c
Convert 4d96e (base 16) to base 12.
133aba
Convert -210210212 (base 4) to base 6.
-3113302
101001100101011111000 (base 2) to base 9
2506218
What is 1221020012210 (base 3) in base 10?
1028046
-4cd73 (base 14) to base 2
-101110001100111001
-140059 (base 10) to base 7
-1122223
Convert -115925 (base 15) to base 4.
-3022120013
Convert 135061262 (base 7) to base 14.
12610a2
What is 1ad75bd (base 14) in base 7?
222063226
Convert 5a133 (base 12) to base 4.
131210313
What is 217471 (base 11) in base 14?
9046a
What is -29524c 